n + 3771 = -7*z. What are the prime factors of z?
23, 41
Let s(h) = 2*h**2 - 15*h + 25. Let t = 30 + -24. What are the prime factors of s(t)?
7
Suppose 11*h = 3*h + 1296. Let r = h - -62. What are the prime factors of r?
2, 7
Let d = 1709 + -1073. List the prime factors of d.
2, 3, 53
Suppose -3 = -12*k + 11*k. Suppose 3*i + 40 + 2 = -l, -21 = 2*i + k*l. Let t = 3 - i. What are the prime factors of t?
2, 3
Suppose -4*w = -2*z + 4*z - 22, 3*z - 4*w = -7. What are the prime factors of (1/2)/(z/726)?
11
Suppose -5*k - 2 = -12. Suppose -a = -5 + k. Suppose 3*g - 31 = a*d + d, 0 = -5*g + 3*d + 70. What are the prime factors of g?
17
Let o(w) = w**2 + 26*w + 37. Let q be o(-25). Let k(y) = 20*y - 35. What are the prime factors of k(q)?
5, 41
Suppose 3*z - 23 = 31. Let v = z - 13. Suppose -3*g - 5*s + 2*s + 51 = 0, -v*s = -15. List the prime factors of g.
2, 7
Let b = 24 + -24. Suppose b = 3*c + 2*i - 7*i - 55, 4*i + 23 = c. What are the prime factors of c?
3, 5
Suppose 2 = l - 4. Suppose l*r = 8*r + 24. List the prime factors of r/(-18)*78/4.
13
Suppose 7*x = 8*x - 3*u - 891, -3499 = -4*x - u. List the prime factors of x.
2, 3, 73
Let b be (30/20)/(3/8). Suppose 0 = -b*j - 20, -5*r = -3*j + 5*j. Suppose 12 = 4*z, 2*z - 54 = -3*f - r*z. What are the prime factors of f?
2, 7
Let a(m) = -18*m**3 - 5*m**2 - 3*m - 3. Let s = -78 + 76. List the prime factors of a(s).
127
Suppose -3*u - 34 = -5*o, -5*o + 4*u + 0*u = -37. Suppose -o*v + 2 = -h + 89, v = -3*h + 213. Suppose 0 = 2*p - h + 8. List the prime factors of p.
2
Let y(o) = 2*o**2 + o + 4. Suppose 7*c - 16 = 11*c. What are the prime factors of y(c)?
2
Let s be (11 + (-1 - -3))/1. Suppose -s*c = -8*c. Suppose -2*o + 3*o - 6 = c. What are the prime factors of o?
2, 3
Let d = 490 + -275. What are the prime factors of (-3)/(-12) - d/(-4)?
2, 3
What are the prime factors of 129/172 + 1618/8?
7, 29
Suppose 2 = 3*d - 2*q, 0*d - d + 5*q + 18 = 0. What are the prime factors of ((-5)/d)/((-4)/(-168))?
3, 5, 7
Let g = -621 - -1388. List the prime factors of g.
13, 59
Let m(c) = c**3 - 18*c**2 + 13*c + 18. Let i be m(18). List the prime factors of (-1)/(i/(-248) - -1).
2, 31
Let u = 12 + -17. Let s(x) = x**2 + x - 7. Let y be s(-3). List the prime factors of 9*(-3 - u - y).
3
Suppose -q - 944 = -4*q + 2*f, 0 = 2*q + f - 627. Suppose q + 218 = 4*c. What are the prime factors of c?
7, 19
Let o(p) = p. Let i be o(0). Suppose i = 2*h - 17 + 11. Suppose -3*k + h = -24. List the prime factors of k.
3
Let k = -26 + 127. Let p = k + -35. Suppose -p - 54 = -5*t + 2*n, -4*n + 96 = 4*t. What are the prime factors of t?
2, 3
Suppose -2*n + 9208 = 2*o, 74*n - 75*n = -5*o + 23002. What are the prime factors of o?
43, 107
Let q(j) = -4*j - 1. Let z be q(-1). Let a be -1 + -1 + z + 2. What are the prime factors of (22/a)/((-14)/(-21))?
11
Let i(l) = -l**3 - 2*l**2 + 2*l + 2. Let b be i(-3). Suppose 5*h + 72 = 2*o, -b*o + h + 0*h = -180. Let x = o + -19. List the prime factors of x.
17
Suppose 5*n + 567 = 2872. List the prime factors of n.
461
Suppose -f = -5*v - 555, -2*f + 1227 - 130 = 3*v. Suppose 0 = -3*g + 15, -5*b + 0*g + f = 2*g. What are the prime factors of b?
2, 3
Let d be ((-14)/6)/((-1)/3). Suppose -d*m + 2*m = 180. List the prime factors of (5/3 - 2)*m.
2, 3
Suppose -3*c + 375 = 2*r, 4*c = 4*r - 619 - 121. Let o = r + -102. What are the prime factors of o?
2, 3, 7
Suppose 86*i - 88*i + 3092 = 5*j, 3*j + 6132 = 4*i. What are the prime factors of i?
2, 3
Let p = 84 - 80. Suppose 4*b - 2*b - 3*v = 305, 0 = -5*b - p*v + 797. What are the prime factors of b?
157
Suppose 7*f + 3801 = 12082. What are the prime factors of f?
7, 13
Suppose 0 = 2*t + 3*l - 318, 0 = 2*t + 3*l - l - 314. Suppose 0 = -7*y - 41 + t. List the prime factors of y.
2
Suppose w - 90 = -4*w. Let h be 3 - 19/((-95)/60). Let t = w + h. What are the prime factors of t?
3, 11
Suppose u = 5*w - 2403, 4*w = 3*w - 5*u + 465. What are the prime factors of w?
2, 3, 5
Suppose 22*r - 18*r = 8. Suppose r*o = 10, -5*i + 2*o + 533 = 28. What are the prime factors of i?
103
Suppose -9 = -4*u - 33. Let g(j) = -j - 2. Let r be g(u). Suppose k - r - 5 = 0. What are the prime factors of k?
3
Suppose 3*w = 0, -2*h + 3*w - 8 - 4 = 0. List the prime factors of -6*1/5*(-59 + h).
2, 3, 13
Let c(a) = 4*a + 9. Let u be c(9). Let l be 2*1/(-2)*-26. Let r = u - l. What are the prime factors of r?
19
Suppose -58*x = -57*x - 63. What are the prime factors of x?
3, 7
Suppose 3*w - 4*y - 544 = 421, -662 = -2*w - 2*y. What are the prime factors of w?
3, 109
Let r(j) = 5*j**2 + 16*j + 51. List the prime factors of r(-4).
67
Suppose -d = -3*d. Suppose 3*b = 3*a - 222, 0*a - 3*a - 3*b + 198 = d. What are the prime factors of a?
2, 5, 7
Let z = -169 - -109. Let r = z - -174. What are the prime factors of r?
2, 3, 19
Suppose 12 = -4*c + 2*u + 2*u, 0 = -2*c - 4*u + 18. Suppose t - 6 = -k, -k + 3*t = 5*t - c. What are the prime factors of k?
11
Let i(v) = 2*v**3 - 4*v**2 - 6*v + 1. Let w(x) = x**2 - 10*x + 3. Let p be w(10). Suppose -b - 16 = 5*j, 0 = -b - p*j + 2*j. What are the prime factors of i(b)?
41
Let b = 1488 + -752. What are the prime factors of b?
2, 23
Suppose 6978 = 1651*c - 1645*c. What are the prime factors of c?
1163
Suppose -3*k - n - 2*n - 18 = 0, -2*n = 4*k + 30. Let p be (k/15 - -1)*5. Suppose -2*r = 4*f + 4, 0 = -6*r + p*r + 2*f + 22. What are the prime factors of r?
2
Suppose 4*b - 2*u + 3*u = 280, -2*b + 142 = u. Suppose -s - o = -3*o - b, 0 = 4*s - 3*o - 296. List the prime factors of s.
7, 11
Suppose u - 2*u = r - 2, u + 1 = 0. Suppose h = -4*q - r*h + 4, -16 = 4*h. Suppose 4*y - 3*d - 34 = 2*y, y = -q*d - 9. What are the prime factors of y?
11
Let w(a) = 15*a**2 + 14*a + 14. List the prime factors of w(-8).
2, 431
Suppose 2*x + 5*f + 425 = 0, -x = 2*f - f + 205. Let q = -119 - x. What are the prime factors of q?
3
Suppose -5*l = 3*r + 50 - 8, 4*l = 4*r - 8. List the prime factors of ((-416)/l)/(-4)*30/(-4).
2, 5, 13
Suppose 23*h - 36*h = -4095. What are the prime factors of h?
3, 5, 7
Let r(p) = 17*p**2 + 1. Suppose -3*x - 221 = -77. Let b be 10/(-35) + x/(-21). List the prime factors of r(b).
3, 23
Let k(r) = -2*r - 4. Let i be k(-3). Let o(l) = 3*l**3 - 2*l + 1. Let q be o(i). Suppose 2*w - q = -2*z + 19, -3*z = -w + 36. What are the prime factors of w?
2, 3
Let t = 26 - 21. Suppose -t*l + 4*l = -90. List the prime factors of l.
2, 3, 5
What are the prime factors of 110/(-22)*706/(-10)?
353
List the prime factors of (1*221)/((-55)/(-275)).
5, 13, 17
Let h = 4 - -8. Let k be 1/((-2)/h*2). List the prime factors of 34 + 3 + (-9)/k.
2, 5
Let m(p) = 2*p**2 - 8*p - 7. Let c be m(-5). Let t = c + -37. Let z = t - 26. What are the prime factors of z?
2, 5
Let g be (4/6)/((-6)/(-4644)). Suppose 3*t - g = 51. List the prime factors of t.
3, 7
Let d = -2502 + 6110. List the prime factors of d.
2, 11, 41
Suppose 11*f = 9*f - 4*r + 1476, -5*r + 744 = f. List the prime factors of f.
2, 367
Let u = -278 + 640. List the prime factors of u.
2, 181
Let w = 15 - -718. What are the prime factors of w?
733
Let g be 12 + -5 - 12/3. Suppose 0 = -g*b - b + 128. List the prime factors of b.
2
Suppose 0*w - 4*w = 132. Let p = w + 43. Let a = 46 - p. List the prime factors of a.
2, 3
Suppose -24*y + 7737 + 4407 = 0. List the prime factors of y.
2, 11, 23
Suppose -3*x + y = -1749, 0 = 6*y - 2*y - 12. Suppose 2*r = 8*m - 6*m + x, 282 = r + 4*m. List the prime factors of r.
2, 5, 29
Suppose -1 = -2*r + 7. Let g(p) = 3 + 3 + 12*p - 14*p - r. What are the prime factors of g(-6)?
2, 7
Let z be -3 - (-3 + 2 + -5). Suppose -4*g + 76 = z*p - 91, 3*p + g = 152. What are the prime factors of p?
7
Let m be -1*(-6 + 2 + 4). Suppose m = 2*w - 3*w + 18. Suppose -2*j + w = -j - 3*i, 3*i = 3*j - 72. What are the prime factors of j?
3
Suppose 0 = 193*z - 196*z + 1242. What are the prime factors of z?
2, 3, 23
Suppose 5*n = 19*n - 5824. List the prime factors of n.
2, 13
Let b = 24 + 159. List the prime factors of b.
3, 61
Suppose 5*x + 342 = 3*g, -5*g + 4*x + 560 = -x. Suppose -7*v = -g - 395. List the prime factors of v.
2, 3
Suppose 8*u - 6 = 11*u. Let x(r) = -11*r**3 - r**2 - 11*r - 5. Let k(p) = -5*p**3 - p**2 - 5*p - 2. Let h(c) = -9*k(c) + 4*x(c). List the prime factors of h(u).
2
Suppose -6 = -5